{"id":23361,"date":"2018-11-18T18:59:40","date_gmt":"2018-11-18T23:59:40","guid":{"rendered":"http:\/\/academia.utp.edu.co\/propiedades-magneticas-y-magnetoopticas-de-nuevos-materiales\/?page_id=23361"},"modified":"2019-10-07T01:03:06","modified_gmt":"2019-10-07T06:03:06","slug":"servicios","status":"publish","type":"page","link":"https:\/\/academia.utp.edu.co\/propiedades-magneticas-y-magnetoopticas-de-nuevos-materiales\/servicios\/","title":{"rendered":"Servicios"},"content":{"rendered":"\n<hr class=\"wp-block-separator\" \/>\n\n\n\n<ol class=\"wp-block-list\"><li>Realizar aleamiento mec\u00e1nico por vibraci\u00f3n a peque\u00f1a escala.<\/li><li>Caracterizar materiales a trav\u00e9s de t\u00e9cnicas \u00f3pticas, t\u00e9rmicas y magn\u00e9ticas.<\/li><li>Realizar control de calidad en materiales org\u00e1nicos e inorg\u00e1nicos para identificar fallas, discontinuidades o fisuras, a nivel superficial o subsuperficial.<\/li><li>Desarrollar protocolos para el procesamiento de im\u00e1genes mediante procesos de transformada de Fourer.<\/li><li>Dise\u00f1o y fabricaci\u00f3n de estructuras tipo phantom para simulaci\u00f3n y validaci\u00f3n de t\u00e9cnicas t\u00e9rmicas alternativas para el estudio de seres vivos<\/li><\/ol>\n\n\n\n<hr class=\"wp-block-separator\" \/>\n","protected":false},"excerpt":{"rendered":"<p>Realizar aleamiento mec\u00e1nico por vibraci\u00f3n a peque\u00f1a escala. Caracterizar materiales a trav\u00e9s de t\u00e9cnicas \u00f3pticas, t\u00e9rmicas y magn\u00e9ticas. Realizar control de calidad en materiales org\u00e1nicos e inorg\u00e1nicos para identificar fallas, <a href=\"https:\/\/academia.utp.edu.co\/propiedades-magneticas-y-magnetoopticas-de-nuevos-materiales\/servicios\/\" rel=\"nofollow\"><span class=\"sr-only\">Leer m\u00e1sServicios<\/span>[&hellip;]<\/a><\/p>\n","protected":false},"author":781,"featured_media":0,"parent":0,"menu_order":0,"comment_status":"closed","ping_status":"closed","template":"","meta":{"footnotes":""},"class_list":["post-23361","page","type-page","status-publish","hentry"],"_links":{"self":[{"href":"https:\/\/academia.utp.edu.co\/propiedades-magneticas-y-magnetoopticas-de-nuevos-materiales\/wp-json\/wp\/v2\/pages\/23361","targetHints":{"allow":["GET"]}}],"collection":[{"href":"https:\/\/academia.utp.edu.co\/propiedades-magneticas-y-magnetoopticas-de-nuevos-materiales\/wp-json\/wp\/v2\/pages"}],"about":[{"href":"https:\/\/academia.utp.edu.co\/propiedades-magneticas-y-magnetoopticas-de-nuevos-materiales\/wp-json\/wp\/v2\/types\/page"}],"author":[{"embeddable":true,"href":"https:\/\/academia.utp.edu.co\/propiedades-magneticas-y-magnetoopticas-de-nuevos-materiales\/wp-json\/wp\/v2\/users\/781"}],"replies":[{"embeddable":true,"href":"https:\/\/academia.utp.edu.co\/propiedades-magneticas-y-magnetoopticas-de-nuevos-materiales\/wp-json\/wp\/v2\/comments?post=23361"}],"version-history":[{"count":6,"href":"https:\/\/academia.utp.edu.co\/propiedades-magneticas-y-magnetoopticas-de-nuevos-materiales\/wp-json\/wp\/v2\/pages\/23361\/revisions"}],"predecessor-version":[{"id":108001,"href":"https:\/\/academia.utp.edu.co\/propiedades-magneticas-y-magnetoopticas-de-nuevos-materiales\/wp-json\/wp\/v2\/pages\/23361\/revisions\/108001"}],"wp:attachment":[{"href":"https:\/\/academia.utp.edu.co\/propiedades-magneticas-y-magnetoopticas-de-nuevos-materiales\/wp-json\/wp\/v2\/media?parent=23361"}],"curies":[{"name":"wp","href":"https:\/\/api.w.org\/{rel}","templated":true}]}}