{"id":28571,"date":"2018-11-18T21:53:20","date_gmt":"2018-11-19T02:53:20","guid":{"rendered":"http:\/\/academia.utp.edu.co\/propiedades-magneticas-y-magnetoopticas-de-nuevos-materiales\/?page_id=28571"},"modified":"2019-02-25T07:32:10","modified_gmt":"2019-02-25T12:32:10","slug":"ev-2018","status":"publish","type":"page","link":"https:\/\/academia.utp.edu.co\/propiedades-magneticas-y-magnetoopticas-de-nuevos-materiales\/eventos\/ev-2018\/","title":{"rendered":"EV-2018"},"content":{"rendered":"<h3 style=\"text-align: justify\"><strong>VIII\u00a0 ENCUENTRO DEPARTAMENTAL DE SEMILLEROS DE INVESTIGACI\u00d3N DE RISARALDA<\/strong><\/h3>\n<h3 style=\"text-align: justify\"><img decoding=\"async\" class=\"alignnone\" src=\"http:\/\/unilibrepereira.edu.co\/portal\/images\/header2-rredsi2017.jpg\" width=\"80%\" height=\"203\" \/><\/h3>\n<p>&nbsp;<\/p>\n<h3 style=\"text-align: justify\"><strong>VIII ENCUENTRO REGIONAL DE SEMILLEROS DE INVESTIGACI\u00d3N<\/strong><\/h3>\n<h3 style=\"text-align: justify\"><img decoding=\"async\" class=\"alignnone\" src=\"http:\/\/rredsi.co\/wp-content\/uploads\/2018\/09\/afiche-nuevo-imprimir-01-1-e1539117711744.png\" width=\"80%\" height=\"316\" \/><\/h3>\n<p>&nbsp;<\/p>\n<h3 style=\"text-align: justify\"><a href=\"http:\/\/ingenieriafisica.co\/\"><strong>VICNIF&amp;APEI:<\/strong>\u00a06\u00ba CONGRESO NACIONAL DE INGENIER\u00cdA F\u00cdSICA \u2013 <strong>VI CNIF<\/strong> Y EL 1ST APPLIED PHYSICS, ENGINEERING &amp; INNOVATION \u2013 <strong>APEI<\/strong><\/a><\/h3>\n<p style=\"text-align: justify\"><span style=\"color: #000000\"><img loading=\"lazy\" decoding=\"async\" class=\"alignleft wp-image-105801 size-medium\" src=\"https:\/\/academia.utp.edu.co\/propiedades-magneticas-y-magnetoopticas-de-nuevos-materiales\/files\/2019\/02\/VI-CNIF-230x300.jpg\" alt=\"\" width=\"230\" height=\"300\" srcset=\"https:\/\/academia.utp.edu.co\/propiedades-magneticas-y-magnetoopticas-de-nuevos-materiales\/files\/2019\/02\/VI-CNIF-230x300.jpg 230w, https:\/\/academia.utp.edu.co\/propiedades-magneticas-y-magnetoopticas-de-nuevos-materiales\/files\/2019\/02\/VI-CNIF-768x1001.jpg 768w, https:\/\/academia.utp.edu.co\/propiedades-magneticas-y-magnetoopticas-de-nuevos-materiales\/files\/2019\/02\/VI-CNIF-786x1024.jpg 786w, https:\/\/academia.utp.edu.co\/propiedades-magneticas-y-magnetoopticas-de-nuevos-materiales\/files\/2019\/02\/VI-CNIF.jpg 1247w\" sizes=\"auto, (max-width: 230px) 100vw, 230px\" \/>La realizaci\u00f3n del <strong>6\u00ba Congreso Nacional de Ingenieri\u0301a Fi\u0301sica \u2013 VI CNIF<\/strong> y el <strong>1 st Applied Physics, Engineering &amp; Innovation \u2013 APEI<\/strong>, es un esfuerzo conjunto entre la Universidad Industrial de Santander \u2013 UIS, la Universidad Nacional de Colombia \u2013 Sede Medell\u00edn \u2013 Sede Manizales, Universidad EAFIT, Universidad de los ANDES y la Sociedad Colombiana de Ingenier\u00eda F\u00edsica que busca contribuir a la consolidaci\u00f3n de la Ingenier\u00eda F\u00edsica en Colombia, estableciendo un referente contundente de lo que este profesional y su trabajo creativo representan para nuestra sociedad, y del enorme beneficio que deriva de su ejercicio.<\/span><\/p>\n<p style=\"text-align: justify\"><span style=\"color: #000000\">En particular, en esta oportunidad de resaltar\u00e1 el impacto positivo de la formaci\u00f3n y el esp\u00edritu emprendedor y creativo de nuestra comunidad de F\u00edsicos, Ingenieros F\u00edsicos y profesionales de \u00e1reas afines, y el valor agregado de su participaci\u00f3n en investigaci\u00f3n, desarrollo e innovaci\u00f3n.<\/span><\/p>\n<p>&nbsp;<\/p>\n<p style=\"text-align: justify\"><img decoding=\"async\" src=\"http:\/\/ingenieriafisica.co\/wp-content\/uploads\/2018\/10\/DSC_0707.jpg\" \/><\/p>\n<h6><em>Fotograf\u00eda registro VICNIF<\/em><\/h6>\n<p>&nbsp;<\/p>\n<h3 style=\"text-align: justify\"><a href=\"https:\/\/www.mrs-mexico.org.mx\/imrc2018\/#\"><strong>XXVII Congreso internacional de materiales en Canc\u00fan 2018.<\/strong><\/a><\/h3>\n<h4 style=\"text-align: justify\"><a href=\"https:\/\/www.mrs-mexico.org.mx\/imrc2018\/#\">XXVII INTERNATIONAL MATERIALS RESEARCH CONGRESS 2018.<\/a><\/h4>\n<p style=\"text-align: justify\"><img loading=\"lazy\" decoding=\"async\" class=\"size-medium alignleft\" src=\"https:\/\/www.mrs-mexico.org.mx\/imrc2018\/images\/imrc.png\" width=\"142\" height=\"150\" \/>The\u00a0<strong>Sociedad Mexicana de Materiales (SMM)<\/strong>\u00a0and the\u00a0<strong>Materials Research Society\u00ae (MRS)<\/strong>, are pleased to invite you to attend the XXVII International Materials Research Congress, scheduled for August 19-24, 2018. Both societies are excited to be working together on the organization of the IMRC, held annually in Canc\u00fan, M\u00e9xico.<\/p>\n<p style=\"text-align: justify\">The IMRC currently offers a range of symposium topics of interest to the materials research community at large. It has become a popular conference destination with about 1,700 attendees from nearly 60 countries in 2017.<\/p>\n<p>&nbsp;<\/p>\n<h3 style=\"text-align: justify\"><a href=\"http:\/\/congresodeingfisica.azc.uam.mx\/#popup\"><strong>IX International Congress of Physics Engineering<\/strong><\/a><\/h3>\n<p style=\"text-align: justify\"><span style=\"color: #000000\">The Physics Engineering is a multidisciplinary profession in which the undergraduate student integrates and applies their knowledge of Physics, Mathematics and Computing to adapt and innovate all kind of technologies, as well as to development and apply theoretical knowledge to different fields of science and engineering.<\/span><\/p>\n<p style=\"text-align: justify\">\n","protected":false},"excerpt":{"rendered":"<p>VIII\u00a0 ENCUENTRO DEPARTAMENTAL DE SEMILLEROS DE INVESTIGACI\u00d3N DE RISARALDA &nbsp; VIII ENCUENTRO REGIONAL DE SEMILLEROS DE INVESTIGACI\u00d3N &nbsp; VICNIF&amp;APEI:\u00a06\u00ba CONGRESO NACIONAL DE INGENIER\u00cdA F\u00cdSICA \u2013 VI CNIF Y EL 1ST <a href=\"https:\/\/academia.utp.edu.co\/propiedades-magneticas-y-magnetoopticas-de-nuevos-materiales\/eventos\/ev-2018\/\" rel=\"nofollow\"><span class=\"sr-only\">Leer m\u00e1sEV-2018<\/span>[&hellip;]<\/a><\/p>\n","protected":false},"author":781,"featured_media":0,"parent":5661,"menu_order":0,"comment_status":"closed","ping_status":"closed","template":"","meta":{"footnotes":""},"class_list":["post-28571","page","type-page","status-publish","hentry"],"_links":{"self":[{"href":"https:\/\/academia.utp.edu.co\/propiedades-magneticas-y-magnetoopticas-de-nuevos-materiales\/wp-json\/wp\/v2\/pages\/28571","targetHints":{"allow":["GET"]}}],"collection":[{"href":"https:\/\/academia.utp.edu.co\/propiedades-magneticas-y-magnetoopticas-de-nuevos-materiales\/wp-json\/wp\/v2\/pages"}],"about":[{"href":"https:\/\/academia.utp.edu.co\/propiedades-magneticas-y-magnetoopticas-de-nuevos-materiales\/wp-json\/wp\/v2\/types\/page"}],"author":[{"embeddable":true,"href":"https:\/\/academia.utp.edu.co\/propiedades-magneticas-y-magnetoopticas-de-nuevos-materiales\/wp-json\/wp\/v2\/users\/781"}],"replies":[{"embeddable":true,"href":"https:\/\/academia.utp.edu.co\/propiedades-magneticas-y-magnetoopticas-de-nuevos-materiales\/wp-json\/wp\/v2\/comments?post=28571"}],"version-history":[{"count":30,"href":"https:\/\/academia.utp.edu.co\/propiedades-magneticas-y-magnetoopticas-de-nuevos-materiales\/wp-json\/wp\/v2\/pages\/28571\/revisions"}],"predecessor-version":[{"id":105811,"href":"https:\/\/academia.utp.edu.co\/propiedades-magneticas-y-magnetoopticas-de-nuevos-materiales\/wp-json\/wp\/v2\/pages\/28571\/revisions\/105811"}],"up":[{"embeddable":true,"href":"https:\/\/academia.utp.edu.co\/propiedades-magneticas-y-magnetoopticas-de-nuevos-materiales\/wp-json\/wp\/v2\/pages\/5661"}],"wp:attachment":[{"href":"https:\/\/academia.utp.edu.co\/propiedades-magneticas-y-magnetoopticas-de-nuevos-materiales\/wp-json\/wp\/v2\/media?parent=28571"}],"curies":[{"name":"wp","href":"https:\/\/api.w.org\/{rel}","templated":true}]}}