{"id":401,"date":"2015-05-05T15:58:49","date_gmt":"2015-05-05T20:58:49","guid":{"rendered":"http:\/\/academia.utp.edu.co\/seintelec\/?page_id=401"},"modified":"2024-06-21T06:20:20","modified_gmt":"2024-06-21T11:20:20","slug":"automatizacion-y-control","status":"publish","type":"page","link":"https:\/\/academia.utp.edu.co\/seintelec\/automatizacion-y-control\/","title":{"rendered":"Automatizaci\u00f3n y Control"},"content":{"rendered":"<p>La l\u00ednea de automatizaci\u00f3n y control fomenta en los estudiantes del semillero el inter\u00e9s por aprender sobre el manejo b\u00e1sico de controladores programables, as\u00ed como la aplicaci\u00f3n de sistemas de automatizaci\u00f3n y control en microcontroladores como Arduino y ESP32<\/p>\n<p>El profesor a cargo de la l\u00ednea de investigaci\u00f3n es Felipe Osorio Arteaga<\/p>\n\n<div class=\"wp-block-image\">\n<figure class=\"aligncenter size-large\"><a href=\"https:\/\/academia.utp.edu.co\/seintelec\/files\/2024\/06\/Automatizacion_y_control.jpg\"><img loading=\"lazy\" decoding=\"async\" width=\"1055\" height=\"593\" src=\"https:\/\/academia.utp.edu.co\/seintelec\/files\/2024\/06\/Automatizacion_y_control-edited.jpg\" alt=\"\" class=\"wp-image-1377\" srcset=\"https:\/\/academia.utp.edu.co\/seintelec\/files\/2024\/06\/Automatizacion_y_control-edited.jpg 1055w, https:\/\/academia.utp.edu.co\/seintelec\/files\/2024\/06\/Automatizacion_y_control-edited-300x169.jpg 300w, https:\/\/academia.utp.edu.co\/seintelec\/files\/2024\/06\/Automatizacion_y_control-edited-1024x576.jpg 1024w, https:\/\/academia.utp.edu.co\/seintelec\/files\/2024\/06\/Automatizacion_y_control-edited-768x432.jpg 768w\" sizes=\"auto, (max-width: 1055px) 100vw, 1055px\" \/><\/a><\/figure>\n<\/div>\n\n\n<p><\/p>\n\n\n\n<p><\/p>\n\n\n\n<p><\/p>\n\n\n\n<p><\/p>\n","protected":false},"excerpt":{"rendered":"<p>La l\u00ednea de automatizaci\u00f3n y control fomenta en los estudiantes del semillero el inter\u00e9s por aprender sobre el manejo b\u00e1sico de controladores programables, as\u00ed como la aplicaci\u00f3n de sistemas de automatizaci\u00f3n y control en microcontroladores como Arduino y ESP32 El profesor a cargo de la l\u00ednea de investigaci\u00f3n es Felipe [&hellip;]<\/p>\n","protected":false},"author":1914,"featured_media":881,"parent":0,"menu_order":0,"comment_status":"closed","ping_status":"closed","template":"","meta":{"footnotes":""},"class_list":["post-401","page","type-page","status-publish","has-post-thumbnail","hentry"],"_links":{"self":[{"href":"https:\/\/academia.utp.edu.co\/seintelec\/wp-json\/wp\/v2\/pages\/401","targetHints":{"allow":["GET"]}}],"collection":[{"href":"https:\/\/academia.utp.edu.co\/seintelec\/wp-json\/wp\/v2\/pages"}],"about":[{"href":"https:\/\/academia.utp.edu.co\/seintelec\/wp-json\/wp\/v2\/types\/page"}],"author":[{"embeddable":true,"href":"https:\/\/academia.utp.edu.co\/seintelec\/wp-json\/wp\/v2\/users\/1914"}],"replies":[{"embeddable":true,"href":"https:\/\/academia.utp.edu.co\/seintelec\/wp-json\/wp\/v2\/comments?post=401"}],"version-history":[{"count":15,"href":"https:\/\/academia.utp.edu.co\/seintelec\/wp-json\/wp\/v2\/pages\/401\/revisions"}],"predecessor-version":[{"id":1381,"href":"https:\/\/academia.utp.edu.co\/seintelec\/wp-json\/wp\/v2\/pages\/401\/revisions\/1381"}],"wp:featuredmedia":[{"embeddable":true,"href":"https:\/\/academia.utp.edu.co\/seintelec\/wp-json\/wp\/v2\/media\/881"}],"wp:attachment":[{"href":"https:\/\/academia.utp.edu.co\/seintelec\/wp-json\/wp\/v2\/media?parent=401"}],"curies":[{"name":"wp","href":"https:\/\/api.w.org\/{rel}","templated":true}]}}