{"id":421,"date":"2015-05-05T16:18:16","date_gmt":"2015-05-05T21:18:16","guid":{"rendered":"http:\/\/academia.utp.edu.co\/seintelec\/?page_id=421"},"modified":"2025-02-15T18:35:39","modified_gmt":"2025-02-15T23:35:39","slug":"electronica-y-telecomunicaciones","status":"publish","type":"page","link":"https:\/\/academia.utp.edu.co\/seintelec\/electronica-y-telecomunicaciones\/","title":{"rendered":"Electr\u00f3nica y Telecomunicaciones"},"content":{"rendered":"<p>La l\u00ednea de electr\u00f3nica y telecomunicaciones fomenta en los estudiantes del semillero el inter\u00e9s por aprender sobre el manejo b\u00e1sico de circuitos integrados y microcontroladores, as\u00ed como el dise\u00f1o de placas de circuito impreso<\/p>\n<p>El profesor a cargo de la l\u00ednea de investigaci\u00f3n es Hugo Baldomiro Cano Garz\u00f3n<\/p>\n\n\n<p><\/p>\n","protected":false},"excerpt":{"rendered":"<p>La l\u00ednea de electr\u00f3nica y telecomunicaciones fomenta en los estudiantes del semillero el inter\u00e9s por aprender sobre el manejo b\u00e1sico de circuitos integrados y microcontroladores, as\u00ed como el dise\u00f1o de placas de circuito impreso El profesor a cargo de la l\u00ednea de investigaci\u00f3n es Hugo Baldomiro Cano Garz\u00f3n<\/p>\n","protected":false},"author":151,"featured_media":361,"parent":0,"menu_order":0,"comment_status":"closed","ping_status":"closed","template":"","meta":{"footnotes":""},"class_list":["post-421","page","type-page","status-publish","has-post-thumbnail","hentry"],"_links":{"self":[{"href":"https:\/\/academia.utp.edu.co\/seintelec\/wp-json\/wp\/v2\/pages\/421","targetHints":{"allow":["GET"]}}],"collection":[{"href":"https:\/\/academia.utp.edu.co\/seintelec\/wp-json\/wp\/v2\/pages"}],"about":[{"href":"https:\/\/academia.utp.edu.co\/seintelec\/wp-json\/wp\/v2\/types\/page"}],"author":[{"embeddable":true,"href":"https:\/\/academia.utp.edu.co\/seintelec\/wp-json\/wp\/v2\/users\/151"}],"replies":[{"embeddable":true,"href":"https:\/\/academia.utp.edu.co\/seintelec\/wp-json\/wp\/v2\/comments?post=421"}],"version-history":[{"count":2,"href":"https:\/\/academia.utp.edu.co\/seintelec\/wp-json\/wp\/v2\/pages\/421\/revisions"}],"predecessor-version":[{"id":1501,"href":"https:\/\/academia.utp.edu.co\/seintelec\/wp-json\/wp\/v2\/pages\/421\/revisions\/1501"}],"wp:featuredmedia":[{"embeddable":true,"href":"https:\/\/academia.utp.edu.co\/seintelec\/wp-json\/wp\/v2\/media\/361"}],"wp:attachment":[{"href":"https:\/\/academia.utp.edu.co\/seintelec\/wp-json\/wp\/v2\/media?parent=421"}],"curies":[{"name":"wp","href":"https:\/\/api.w.org\/{rel}","templated":true}]}}