{"id":471,"date":"2015-05-05T16:32:46","date_gmt":"2015-05-05T21:32:46","guid":{"rendered":"http:\/\/academia.utp.edu.co\/seintelec\/?page_id=471"},"modified":"2025-02-15T18:31:48","modified_gmt":"2025-02-15T23:31:48","slug":"sistemas-de-puesta-a-tierra","status":"publish","type":"page","link":"https:\/\/academia.utp.edu.co\/seintelec\/sistemas-de-puesta-a-tierra\/","title":{"rendered":"Sistemas de Puesta a Tierra"},"content":{"rendered":"\n<p>La l\u00ednea de sistemas de puesta a tierra fomenta en los estudiantes del semillero el inter\u00e9s por aprender sobre la medici\u00f3n de la resistividad de un terreno o de un sistema de puesta a tierra, as\u00ed como el estudio de descargas atmosf\u00e9ricas<\/p>\n\n\n\n<p>El profesor a cargo de la l\u00ednea de investigaci\u00f3n es Jorge Humberto Sanz Alzate<\/p>\n","protected":false},"excerpt":{"rendered":"<p>La l\u00ednea de sistemas de puesta a tierra fomenta en los estudiantes del semillero el inter\u00e9s por aprender sobre la medici\u00f3n de la resistividad de un terreno o de un sistema de puesta a tierra, as\u00ed como el estudio de descargas atmosf\u00e9ricas El profesor a cargo de la l\u00ednea de [&hellip;]<\/p>\n","protected":false},"author":151,"featured_media":90,"parent":0,"menu_order":0,"comment_status":"closed","ping_status":"closed","template":"","meta":{"footnotes":""},"class_list":["post-471","page","type-page","status-publish","has-post-thumbnail","hentry"],"_links":{"self":[{"href":"https:\/\/academia.utp.edu.co\/seintelec\/wp-json\/wp\/v2\/pages\/471","targetHints":{"allow":["GET"]}}],"collection":[{"href":"https:\/\/academia.utp.edu.co\/seintelec\/wp-json\/wp\/v2\/pages"}],"about":[{"href":"https:\/\/academia.utp.edu.co\/seintelec\/wp-json\/wp\/v2\/types\/page"}],"author":[{"embeddable":true,"href":"https:\/\/academia.utp.edu.co\/seintelec\/wp-json\/wp\/v2\/users\/151"}],"replies":[{"embeddable":true,"href":"https:\/\/academia.utp.edu.co\/seintelec\/wp-json\/wp\/v2\/comments?post=471"}],"version-history":[{"count":2,"href":"https:\/\/academia.utp.edu.co\/seintelec\/wp-json\/wp\/v2\/pages\/471\/revisions"}],"predecessor-version":[{"id":1499,"href":"https:\/\/academia.utp.edu.co\/seintelec\/wp-json\/wp\/v2\/pages\/471\/revisions\/1499"}],"wp:featuredmedia":[{"embeddable":true,"href":"https:\/\/academia.utp.edu.co\/seintelec\/wp-json\/wp\/v2\/media\/90"}],"wp:attachment":[{"href":"https:\/\/academia.utp.edu.co\/seintelec\/wp-json\/wp\/v2\/media?parent=471"}],"curies":[{"name":"wp","href":"https:\/\/api.w.org\/{rel}","templated":true}]}}