{"id":3251,"date":"2022-08-10T16:53:43","date_gmt":"2022-08-10T21:53:43","guid":{"rendered":"https:\/\/academia.utp.edu.co\/semillerodebiotecnologiaproductosnaturales\/?page_id=3251"},"modified":"2022-11-03T16:56:00","modified_gmt":"2022-11-03T21:56:00","slug":"actividades-2022-2","status":"publish","type":"page","link":"https:\/\/academia.utp.edu.co\/semillerodebiotecnologiaproductosnaturales\/actividades-2022-2\/","title":{"rendered":"Actividades"},"content":{"rendered":"\n<h2>\n\t\t<a href=\"https:\/\/academia.utp.edu.co\/semillerodebiotecnologiaproductosnaturales\/tecnicas-analiticas-cromatograficas\/\" title=\"T\u00e9cnicas Anal\u00edticas Cromatogr\u00e1ficas\" target=\"_blank\" rel=\"noopener\">\n\t\tT\u00e9cnicas Anal\u00edticas Cromatogr\u00e1ficas\n\t\t<\/a>\n\t<\/h2>\n\t\t\t\t<img decoding=\"async\" src=\"http:\/\/academia.utp.edu.co\/semillerodebiotecnologiaproductosnaturales\/files\/2022\/08\/Diseno-sin-titulo-5.png\" alt=\"Dise\u00f1o sin t\u00edtulo (5)\" title=\"Dise\u00f1o sin t\u00edtulo (5)\" \/>\n<h2>\n\t\t<a href=\"https:\/\/academia.utp.edu.co\/semillerodebiotecnologiaproductosnaturales\/biotransformacion\/\" title=\"Biotransformaci\u00f3n\" target=\"_blank\" rel=\"noopener\">\n\t\tBiotransformaci\u00f3n\n\t\t<\/a>\n\t<\/h2>\n\t\t\t\t<img loading=\"lazy\" decoding=\"async\" src=\"https:\/\/academia.utp.edu.co\/semillerodebiotecnologiaproductosnaturales\/files\/2022\/11\/DSCN8230-1-scaled.jpg\" alt=\"DSCN8230\" height=\"2560\" width=\"1920\" title=\"DSCN8230\" \/>\n<h2>\n\t\t<a href=\"https:\/\/academia.utp.edu.co\/semillerodebiotecnologiaproductosnaturales\/extracciones\/\" title=\"Extracciones\" target=\"_blank\" rel=\"noopener\">\n\t\tExtracciones\n\t\t<\/a>\n\t<\/h2>\n<h2>\n\t\tCon NADES (Natural Deep Eutectic Solvent)\n\t<\/h2>\n\t\t\t\t<img loading=\"lazy\" decoding=\"async\" src=\"https:\/\/academia.utp.edu.co\/semillerodebiotecnologiaproductosnaturales\/files\/2022\/08\/que_es_la_quimica_verde_definicion_principios_y_ejemplos_360_orig.jpg\" alt=\"que_es_la_quimica_verde_definicion_principios_y_ejemplos_360_orig\" height=\"390\" width=\"720\" title=\"que_es_la_quimica_verde_definicion_principios_y_ejemplos_360_orig\" \/>\n<h2>\n\t\t<a href=\"https:\/\/academia.utp.edu.co\/semillerodebiotecnologiaproductosnaturales\/espectroscopia-rmn-espectrometria-em-e-in-silico\/\" title=\"Espectroscopia (RMN),\u00a0 Espectrometr\u00eda (EM) e &lt;strong&gt;&lt;em&gt;in silico&lt;\/em&gt;&lt;\/strong&gt;\" target=\"_blank\" rel=\"noopener\">\n\t\tEspectroscopia (RMN),\u00a0 Espectrometr\u00eda (EM) e <strong><em>in silico<\/em><\/strong>\n\t\t<\/a>\n\t<\/h2>\n\t\t\t\t<img decoding=\"async\" src=\"http:\/\/academia.utp.edu.co\/semillerodebiotecnologiaproductosnaturales\/files\/2022\/08\/Diseno-sin-titulo-4.png\" alt=\"Dise\u00f1o sin t\u00edtulo (4)\" title=\"Dise\u00f1o sin t\u00edtulo (4)\" \/>\n\t\t\t\t<img decoding=\"async\" src=\"https:\/\/academia.utp.edu.co\/semillerodebiotecnologiaproductosnaturales\/wp-content\/plugins\/beaver-builder-lite-version\/img\/pixel.png\" alt=\"\" \/>\n<h2>\n\t\t<a href=\"https:\/\/academia.utp.edu.co\/semillerodebiotecnologiaproductosnaturales\/?page_id=3721\" title=\"Hongos\" target=\"_blank\" rel=\"noopener\">\n\t\tHongos\n\t\t<\/a>\n\t<\/h2>\n\t\t\t\t<img loading=\"lazy\" decoding=\"async\" src=\"https:\/\/academia.utp.edu.co\/semillerodebiotecnologiaproductosnaturales\/files\/2022\/11\/PicsArt_10-27-10.33.35-1-scaled.jpg\" alt=\"PicsArt_10-27-10.33.35 (1)\" height=\"1440\" width=\"2560\" title=\"PicsArt_10-27-10.33.35 (1)\" \/>\n<h2>\n\t\t<a href=\"https:\/\/academia.utp.edu.co\/semillerodebiotecnologiaproductosnaturales\/cultivo-in-vitro\/\" title=\"Cultivo &lt;strong&gt;&lt;em&gt;in vitro&lt;\/em&gt;&lt;\/strong&gt;\" target=\"_blank\" rel=\"noopener\">\n\t\tCultivo <strong><em>in vitro<\/em><\/strong>\n\t\t<\/a>\n\t<\/h2>\n\t\t\t\t<img loading=\"lazy\" decoding=\"async\" src=\"https:\/\/academia.utp.edu.co\/semillerodebiotecnologiaproductosnaturales\/files\/2022\/11\/Biotecnologi\u2560ua-Productos-Naturales11-scaled.jpg\" alt=\"Biotecnologi\u2560\u00fca Productos Naturales11\" height=\"2560\" width=\"1709\" title=\"Biotecnologi\u2560\u00fca Productos Naturales11\" \/>\n<h2>\n\t\tSalidas de Campo\n\t<\/h2>\n\n","protected":false},"excerpt":{"rendered":"","protected":false},"author":1641,"featured_media":0,"parent":0,"menu_order":0,"comment_status":"closed","ping_status":"closed","template":"template-fullwidth.php","meta":{"_EventAllDay":false,"_EventTimezone":"","_EventStartDate":"","_EventEndDate":"","_EventStartDateUTC":"","_EventEndDateUTC":"","_EventShowMap":false,"_EventShowMapLink":false,"_EventURL":"","_EventCost":"","_EventCostDescription":"","_EventCurrencySymbol":"","_EventCurrencyCode":"","_EventCurrencyPosition":"","_EventDateTimeSeparator":"","_EventTimeRangeSeparator":"","_EventOrganizerID":[],"_EventVenueID":[],"_OrganizerEmail":"","_OrganizerPhone":"","_OrganizerWebsite":"","_VenueAddress":"","_VenueCity":"","_VenueCountry":"","_VenueProvince":"","_VenueState":"","_VenueZip":"","_VenuePhone":"","_VenueURL":"","_VenueStateProvince":"","_VenueLat":"","_VenueLng":"","_VenueShowMap":false,"_VenueShowMapLink":false,"footnotes":""},"class_list":["post-3251","page","type-page","status-publish","hentry"],"_links":{"self":[{"href":"https:\/\/academia.utp.edu.co\/semillerodebiotecnologiaproductosnaturales\/wp-json\/wp\/v2\/pages\/3251","targetHints":{"allow":["GET"]}}],"collection":[{"href":"https:\/\/academia.utp.edu.co\/semillerodebiotecnologiaproductosnaturales\/wp-json\/wp\/v2\/pages"}],"about":[{"href":"https:\/\/academia.utp.edu.co\/semillerodebiotecnologiaproductosnaturales\/wp-json\/wp\/v2\/types\/page"}],"author":[{"embeddable":true,"href":"https:\/\/academia.utp.edu.co\/semillerodebiotecnologiaproductosnaturales\/wp-json\/wp\/v2\/users\/1641"}],"replies":[{"embeddable":true,"href":"https:\/\/academia.utp.edu.co\/semillerodebiotecnologiaproductosnaturales\/wp-json\/wp\/v2\/comments?post=3251"}],"version-history":[{"count":34,"href":"https:\/\/academia.utp.edu.co\/semillerodebiotecnologiaproductosnaturales\/wp-json\/wp\/v2\/pages\/3251\/revisions"}],"predecessor-version":[{"id":5551,"href":"https:\/\/academia.utp.edu.co\/semillerodebiotecnologiaproductosnaturales\/wp-json\/wp\/v2\/pages\/3251\/revisions\/5551"}],"wp:attachment":[{"href":"https:\/\/academia.utp.edu.co\/semillerodebiotecnologiaproductosnaturales\/wp-json\/wp\/v2\/media?parent=3251"}],"curies":[{"name":"wp","href":"https:\/\/api.w.org\/{rel}","templated":true}]}}