{"id":3391,"date":"2022-08-10T22:45:17","date_gmt":"2022-08-11T03:45:17","guid":{"rendered":"https:\/\/academia.utp.edu.co\/semillerodebiotecnologiaproductosnaturales\/?page_id=3391"},"modified":"2022-08-10T23:10:53","modified_gmt":"2022-08-11T04:10:53","slug":"tecnicas-analiticas-cromatograficas","status":"publish","type":"page","link":"https:\/\/academia.utp.edu.co\/semillerodebiotecnologiaproductosnaturales\/tecnicas-analiticas-cromatograficas\/","title":{"rendered":"T\u00e9cnicas Anal\u00edticas Cromatogr\u00e1ficas"},"content":{"rendered":"\n<h1>\n\t\tAccess your download\n\t<\/h1>\n\t<p>Lorem ipsum dolor sit amet, consectetur adipiscing elit. Nunc maximus, nulla ut commodo sagittis. Mauris non orci quis est hendrerit laoreet id eget purus. Vivamus id ex non.<\/p>\n\t\t\t<a href=\"\" target=\"_self\" role=\"button\" rel=\"noopener\">\n\t\t\t\t\t\t\tDownload your free PDF\n\t\t\t<\/a>\n\t\t\t<a href=\"#next-step\" target=\"_self\" role=\"button\" rel=\"noopener\">\n\t\t\t\t\t\t\tWhat is your next step\n\t\t\t<\/a>\n<h2>\n\t\tBook a free consultation today&#8230; Take the next step\n\t<\/h2>\n\t<p>Lorem ipsum dolor sit amet, consectetur adipiscing elit. Nunc maximus, nulla ut commodo sagittis. Mauris non orci quis est hendrerit laoreet id eget purus. Vivamus id ex non urna pulvinar.<\/p>\n\t\t\t<a href=\"\" target=\"_self\" role=\"button\" rel=\"noopener\">\n\t\t\t\t\t\t\tDownload your free PDF\n\t\t\t<\/a>\n\t\t\t\t<img decoding=\"async\" src=\"https:\/\/lite.demos.wpbeaverbuilder.com\/wp-content\/uploads\/sites\/28\/2020\/02\/video-appointment.jpg\" alt=\"\" \/>\n<h2>\n\t\tTestimonials\n\t<\/h2>\n\t<p>Vivamus magna justo, lacinia eget consectetur sed, convallis at tellus. Praesent sapien massa, convallis a pellentesque nec, egestas non nisi. Curabitur aliquet quam id dui posuere blandit Cras ultricies ligula sed magna dictum porta.<\/p>\n\t\t\t\t<img decoding=\"async\" src=\"https:\/\/lite.demos.wpbeaverbuilder.com\/wp-content\/uploads\/sites\/28\/2020\/02\/photo-1558403194-611308249627-1-768x768-2.jpg\" alt=\"\" \/>\n\t<p><strong>Vivamus magna<br \/><\/strong>Lacinia eget<\/p>\n\t<p>Vivamus magna justo, lacinia eget consectetur sed, convallis at tellus. Praesent sapien massa, convallis a pellentesque nec, egestas non nisi. Curabitur aliquet quam id dui posuere blandit Cras ultricies ligula sed magna dictum porta.<\/p>\n\t\t\t\t<img decoding=\"async\" src=\"https:\/\/lite.demos.wpbeaverbuilder.com\/wp-content\/uploads\/sites\/28\/2020\/02\/photo-1552664730-d307ca884978-768x768-2.jpg\" alt=\"\" \/>\n\t<p><strong>Vivamus magna<br \/><\/strong>Lacinia eget<\/p>\n\n","protected":false},"excerpt":{"rendered":"","protected":false},"author":1641,"featured_media":0,"parent":0,"menu_order":0,"comment_status":"closed","ping_status":"closed","template":"template-fullwidth.php","meta":{"_EventAllDay":false,"_EventTimezone":"","_EventStartDate":"","_EventEndDate":"","_EventStartDateUTC":"","_EventEndDateUTC":"","_EventShowMap":false,"_EventShowMapLink":false,"_EventURL":"","_EventCost":"","_EventCostDescription":"","_EventCurrencySymbol":"","_EventCurrencyCode":"","_EventCurrencyPosition":"","_EventDateTimeSeparator":"","_EventTimeRangeSeparator":"","_EventOrganizerID":[],"_EventVenueID":[],"_OrganizerEmail":"","_OrganizerPhone":"","_OrganizerWebsite":"","_VenueAddress":"","_VenueCity":"","_VenueCountry":"","_VenueProvince":"","_VenueState":"","_VenueZip":"","_VenuePhone":"","_VenueURL":"","_VenueStateProvince":"","_VenueLat":"","_VenueLng":"","_VenueShowMap":false,"_VenueShowMapLink":false,"footnotes":""},"class_list":["post-3391","page","type-page","status-publish","hentry"],"_links":{"self":[{"href":"https:\/\/academia.utp.edu.co\/semillerodebiotecnologiaproductosnaturales\/wp-json\/wp\/v2\/pages\/3391","targetHints":{"allow":["GET"]}}],"collection":[{"href":"https:\/\/academia.utp.edu.co\/semillerodebiotecnologiaproductosnaturales\/wp-json\/wp\/v2\/pages"}],"about":[{"href":"https:\/\/academia.utp.edu.co\/semillerodebiotecnologiaproductosnaturales\/wp-json\/wp\/v2\/types\/page"}],"author":[{"embeddable":true,"href":"https:\/\/academia.utp.edu.co\/semillerodebiotecnologiaproductosnaturales\/wp-json\/wp\/v2\/users\/1641"}],"replies":[{"embeddable":true,"href":"https:\/\/academia.utp.edu.co\/semillerodebiotecnologiaproductosnaturales\/wp-json\/wp\/v2\/comments?post=3391"}],"version-history":[{"count":5,"href":"https:\/\/academia.utp.edu.co\/semillerodebiotecnologiaproductosnaturales\/wp-json\/wp\/v2\/pages\/3391\/revisions"}],"predecessor-version":[{"id":3551,"href":"https:\/\/academia.utp.edu.co\/semillerodebiotecnologiaproductosnaturales\/wp-json\/wp\/v2\/pages\/3391\/revisions\/3551"}],"wp:attachment":[{"href":"https:\/\/academia.utp.edu.co\/semillerodebiotecnologiaproductosnaturales\/wp-json\/wp\/v2\/media?parent=3391"}],"curies":[{"name":"wp","href":"https:\/\/api.w.org\/{rel}","templated":true}]}}