{"id":483,"date":"2024-06-07T10:47:54","date_gmt":"2024-06-07T15:47:54","guid":{"rendered":"https:\/\/academia.utp.edu.co\/universidad-por-siempre\/?page_id=483"},"modified":"2024-08-23T14:34:40","modified_gmt":"2024-08-23T19:34:40","slug":"inscripciones-y-pago","status":"publish","type":"page","link":"https:\/\/academia.utp.edu.co\/universidad-por-siempre\/inscripciones-y-pago\/","title":{"rendered":"Inscripciones y Pago"},"content":{"rendered":"\n<p><\/p>\n\n\n\n<p><\/p>\n\n\n\n<h2 class=\"wp-block-heading has-text-align-center\">Informaci\u00f3n de pago<\/h2>\n\n\n\n<p class=\"has-text-align-center\"> \u27a4 <strong>Galp\u00f3n de la UTP<\/strong>:  Pago presencial al c\u00f3digo 511-21-123-91<\/p>\n\n\n\n<p class=\"has-text-align-center\">\u27a4<strong> Plataforma en linea: <\/strong> a trav\u00e9s de los siguientes botones:<\/p>\n\n\n\n<div class=\"wp-block-uagb-buttons uagb-buttons__outer-wrap uagb-btn__default-btn uagb-btn-tablet__default-btn uagb-btn-mobile__default-btn uagb-block-a9fb3051\"><div class=\"uagb-buttons__wrap uagb-buttons-layout-wrap \">\n<div class=\"wp-block-uagb-buttons-child uagb-buttons__outer-wrap uagb-block-9a5657d8 wp-block-button\"><div class=\"uagb-button__wrapper\"><a class=\"uagb-buttons-repeater wp-block-button__link\" aria-label=\"\" href=\"\/\/app4.utp.edu.co\/servicios\/tipo_serv\/tarifas_serv\/indexpago.php?id=174\" rel=\"follow noopener\" target=\"_blank\" role=\"button\"><div class=\"uagb-button__link\"> PAGAR TALLER GABRIEL GARC\u00cdA M\u00c1RQUEZ<\/div><\/a><\/div><\/div>\n<\/div><\/div>\n\n\n\n<p><\/p>\n\n\n\n<div class=\"wp-block-uagb-buttons uagb-buttons__outer-wrap uagb-btn__default-btn uagb-btn-tablet__default-btn uagb-btn-mobile__default-btn uagb-block-a2dcc348\"><div class=\"uagb-buttons__wrap uagb-buttons-layout-wrap \">\n<div class=\"wp-block-uagb-buttons-child uagb-buttons__outer-wrap uagb-block-bc7e096a wp-block-button\"><div class=\"uagb-button__wrapper\"><a class=\"uagb-buttons-repeater wp-block-button__link\" aria-label=\"\" href=\"https:\/\/app4.utp.edu.co\/servicios\/tipo_serv\/tarifas_serv\/indexpago.php?id=173\" rel=\"follow noopener\" target=\"_self\" role=\"button\"><div class=\"uagb-button__link\"> PAGAR TALLER PERFORMANCE ART<\/div><\/a><\/div><\/div>\n<\/div><\/div>\n\n\n\n<div class=\"wp-block-uagb-separator uagb-block-b5d56291\"><div class=\"uagb-separator-spacing-wrapper\"><div class=\"wp-block-uagb-separator__inner\" style=\"--my-background-image:\"><\/div><\/div><\/div>\n\n\n\n<h2 class=\"wp-block-heading has-text-align-center\">Informaci\u00f3n de Inscripci\u00f3n<\/h2>\n\n\n\n<p class=\"has-text-align-center\">Una vez realizado el pago del taller de su inter\u00e9s, podr\u00e1 inscribirse mediante los botones dispuestos a continuaci\u00f3n:<\/p>\n\n\n\n<p class=\"has-text-align-center\"><strong>Nota: <\/strong>Al momento del registro, por favor tenga preparado el comprobante de pago y copia de su documento de identidad en formato PDF<\/p>\n\n\n\n<div class=\"wp-block-uagb-buttons uagb-buttons__outer-wrap uagb-btn__default-btn uagb-btn-tablet__default-btn uagb-btn-mobile__default-btn uagb-block-40299f48\"><div class=\"uagb-buttons__wrap uagb-buttons-layout-wrap \">\n<div class=\"wp-block-uagb-buttons-child uagb-buttons__outer-wrap uagb-block-02b25aa0 wp-block-button\"><div class=\"uagb-button__wrapper\"><a class=\"uagb-buttons-repeater wp-block-button__link\" aria-label=\"\" href=\"http:\/\/app4.utp.edu.co\/sigu2\/indexExterno?mod=utp.general.extension.inscripcion.ui.extjs&amp;tit=Inscripciones&amp;actividadId=26598\" rel=\"follow noopener\" target=\"_self\" role=\"button\"><div class=\"uagb-button__link\">INSCRIBIRME EN TALLER GABRIEL GARC\u00cdA M.<\/div><\/a><\/div><\/div>\n<\/div><\/div>\n\n\n\n<p><\/p>\n\n\n\n<div class=\"wp-block-uagb-buttons uagb-buttons__outer-wrap uagb-btn__default-btn uagb-btn-tablet__default-btn uagb-btn-mobile__default-btn uagb-block-f9e0bbb1\"><div class=\"uagb-buttons__wrap uagb-buttons-layout-wrap \">\n<div class=\"wp-block-uagb-buttons-child uagb-buttons__outer-wrap uagb-block-7f530362 wp-block-button\"><div class=\"uagb-button__wrapper\"><a class=\"uagb-buttons-repeater wp-block-button__link\" aria-label=\"\" href=\"http:\/\/app4.utp.edu.co\/sigu2\/indexExterno?mod=utp.general.extension.inscripcion.ui.extjs&amp;tit=Inscripciones&amp;actividadId=26597\" rel=\"follow noopener\" target=\"_self\" role=\"button\"><div class=\"uagb-button__link\">INSCRIBIRME EN TALLER PERFORMANCE ART<\/div><\/a><\/div><\/div>\n<\/div><\/div>\n\n\n\n<div class=\"wp-block-columns is-layout-flex wp-container-core-columns-is-layout-28f84493 wp-block-columns-is-layout-flex\">\n<div class=\"wp-block-column is-layout-flow wp-block-column-is-layout-flow\">\n<div class=\"wp-block-columns is-layout-flex wp-container-core-columns-is-layout-28f84493 wp-block-columns-is-layout-flex\">\n<div class=\"wp-block-column is-layout-flow wp-block-column-is-layout-flow\" style=\"flex-basis:15%\"><\/div>\n\n\n\n<div class=\"wp-block-column is-vertically-aligned-center is-layout-flow wp-block-column-is-layout-flow\"><\/div>\n\n\n\n<div class=\"wp-block-column is-layout-flow wp-block-column-is-layout-flow\" style=\"flex-basis:15%\"><\/div>\n<\/div>\n<\/div>\n<\/div>\n","protected":false},"excerpt":{"rendered":"<p>Informaci\u00f3n de pago \u27a4 Galp\u00f3n de la UTP: Pago presencial al c\u00f3digo 511-21-123-91 \u27a4 Plataforma en linea: a trav\u00e9s de los siguientes botones: Informaci\u00f3n de Inscripci\u00f3n Una vez realizado el [&hellip;]<\/p>\n","protected":false},"author":1911,"featured_media":0,"parent":0,"menu_order":0,"comment_status":"closed","ping_status":"closed","template":"","meta":{"_uag_custom_page_level_css":"","site-sidebar-layout":"default","site-content-layout":"","ast-site-content-layout":"default","site-content-style":"default","site-sidebar-style":"default","ast-global-header-display":"","ast-banner-title-visibility":"","ast-main-header-display":"","ast-hfb-above-header-display":"","ast-hfb-below-header-display":"","ast-hfb-mobile-header-display":"","site-post-title":"","ast-breadcrumbs-content":"","ast-featured-img":"","footer-sml-layout":"","ast-disable-related-posts":"","theme-transparent-header-meta":"","adv-header-id-meta":"","stick-header-meta":"","header-above-stick-meta":"","header-main-stick-meta":"","header-below-stick-meta":"","astra-migrate-meta-layouts":"default","ast-page-background-enabled":"default","ast-page-background-meta":{"desktop":{"background-color":"var(--ast-global-color-4)","background-image":"","background-repeat":"repeat","background-position":"center center","background-size":"auto","background-attachment":"scroll","background-type":"","background-media":"","overlay-type":"","overlay-color":"","overlay-opacity":"","overlay-gradient":""},"tablet":{"background-color":"","background-image":"","background-repeat":"repeat","background-position":"center center","background-size":"auto","background-attachment":"scroll","background-type":"","background-media":"","overlay-type":"","overlay-color":"","overlay-opacity":"","overlay-gradient":""},"mobile":{"background-color":"","background-image":"","background-repeat":"repeat","background-position":"center center","background-size":"auto","background-attachment":"scroll","background-type":"","background-media":"","overlay-type":"","overlay-color":"","overlay-opacity":"","overlay-gradient":""}},"ast-content-background-meta":{"desktop":{"background-color":"var(--ast-global-color-5)","background-image":"","background-repeat":"repeat","background-position":"center center","background-size":"auto","background-attachment":"scroll","background-type":"","background-media":"","overlay-type":"","overlay-color":"","overlay-opacity":"","overlay-gradient":""},"tablet":{"background-color":"var(--ast-global-color-5)","background-image":"","background-repeat":"repeat","background-position":"center center","background-size":"auto","background-attachment":"scroll","background-type":"","background-media":"","overlay-type":"","overlay-color":"","overlay-opacity":"","overlay-gradient":""},"mobile":{"background-color":"var(--ast-global-color-5)","background-image":"","background-repeat":"repeat","background-position":"center center","background-size":"auto","background-attachment":"scroll","background-type":"","background-media":"","overlay-type":"","overlay-color":"","overlay-opacity":"","overlay-gradient":""}},"footnotes":""},"class_list":["post-483","page","type-page","status-publish","hentry"],"uagb_featured_image_src":{"full":false,"thumbnail":false,"medium":false,"medium_large":false,"large":false,"1536x1536":false,"2048x2048":false},"uagb_author_info":{"display_name":"universidad-por-siempre","author_link":"https:\/\/academia.utp.edu.co\/universidad-por-siempre\/author\/universidad-por-siempre\/"},"uagb_comment_info":0,"uagb_excerpt":"Informaci\u00f3n de pago \u27a4 Galp\u00f3n de la UTP: Pago presencial al c\u00f3digo 511-21-123-91 \u27a4 Plataforma en linea: a trav\u00e9s de los siguientes botones: Informaci\u00f3n de Inscripci\u00f3n Una vez realizado el [&hellip;]","_links":{"self":[{"href":"https:\/\/academia.utp.edu.co\/universidad-por-siempre\/wp-json\/wp\/v2\/pages\/483","targetHints":{"allow":["GET"]}}],"collection":[{"href":"https:\/\/academia.utp.edu.co\/universidad-por-siempre\/wp-json\/wp\/v2\/pages"}],"about":[{"href":"https:\/\/academia.utp.edu.co\/universidad-por-siempre\/wp-json\/wp\/v2\/types\/page"}],"author":[{"embeddable":true,"href":"https:\/\/academia.utp.edu.co\/universidad-por-siempre\/wp-json\/wp\/v2\/users\/1911"}],"replies":[{"embeddable":true,"href":"https:\/\/academia.utp.edu.co\/universidad-por-siempre\/wp-json\/wp\/v2\/comments?post=483"}],"version-history":[{"count":27,"href":"https:\/\/academia.utp.edu.co\/universidad-por-siempre\/wp-json\/wp\/v2\/pages\/483\/revisions"}],"predecessor-version":[{"id":792,"href":"https:\/\/academia.utp.edu.co\/universidad-por-siempre\/wp-json\/wp\/v2\/pages\/483\/revisions\/792"}],"wp:attachment":[{"href":"https:\/\/academia.utp.edu.co\/universidad-por-siempre\/wp-json\/wp\/v2\/media?parent=483"}],"curies":[{"name":"wp","href":"https:\/\/api.w.org\/{rel}","templated":true}]}}