{"id":37,"date":"2014-03-18T11:48:55","date_gmt":"2014-03-18T11:48:55","guid":{"rendered":"http:\/\/demo.themegrill.com\/spacious\/?page_id=37"},"modified":"2025-10-07T16:15:12","modified_gmt":"2025-10-07T21:15:12","slug":"blog-2","status":"publish","type":"page","link":"https:\/\/academia.utp.edu.co\/wieutp\/blog-2\/","title":{"rendered":"\u00bfQu\u00e9 realizamos?"},"content":{"rendered":"\n<h2 class=\"wp-block-heading has-text-align-center\"><strong>VISITAS A INSTITUCIONES EDUCATIVAS<\/strong><\/h2>\n\n\n\n<h5 id=\"wp-block-themeisle-blocks-advanced-heading-7daf1d8c\" class=\"wp-block-themeisle-blocks-advanced-heading wp-block-themeisle-blocks-advanced-heading-7daf1d8c\" style=\"color:#000000;font-family:Belleza;font-weight:normal;font-style:normal;text-transform:none\"><strong>Incentivamos a estudiantes con nuestras charlas motivadoras y experimentos para que conozcan un poco sobre ciencia e ingenier\u00eda.<\/strong><\/h5>\n\n\n\n<figure class=\"wp-block-image aligncenter is-resized\"><img loading=\"lazy\" decoding=\"async\" width=\"1024\" height=\"683\" src=\"https:\/\/academia.utp.edu.co\/wieutp\/files\/2019\/11\/DSC_1766-1024x683.jpg\" alt=\"\" class=\"wp-image-1721\" style=\"width:576px;height:383px\" srcset=\"https:\/\/academia.utp.edu.co\/wieutp\/files\/2019\/11\/DSC_1766-1024x683.jpg 1024w, https:\/\/academia.utp.edu.co\/wieutp\/files\/2019\/11\/DSC_1766-300x200.jpg 300w, https:\/\/academia.utp.edu.co\/wieutp\/files\/2019\/11\/DSC_1766-768x512.jpg 768w, https:\/\/academia.utp.edu.co\/wieutp\/files\/2019\/11\/DSC_1766-360x240.jpg 360w\" sizes=\"auto, (max-width: 1024px) 100vw, 1024px\" \/><\/figure>\n\n\n\n<figure class=\"wp-block-image aligncenter is-resized\"><img loading=\"lazy\" decoding=\"async\" width=\"1024\" height=\"683\" src=\"https:\/\/academia.utp.edu.co\/wieutp\/files\/2019\/12\/62004080_2063884363919715_3489627586168881152_o-1024x683.jpg\" alt=\"\" class=\"wp-image-2111\" style=\"width:569px;height:378px\" srcset=\"https:\/\/academia.utp.edu.co\/wieutp\/files\/2019\/12\/62004080_2063884363919715_3489627586168881152_o-1024x683.jpg 1024w, https:\/\/academia.utp.edu.co\/wieutp\/files\/2019\/12\/62004080_2063884363919715_3489627586168881152_o-300x200.jpg 300w, https:\/\/academia.utp.edu.co\/wieutp\/files\/2019\/12\/62004080_2063884363919715_3489627586168881152_o-768x512.jpg 768w, https:\/\/academia.utp.edu.co\/wieutp\/files\/2019\/12\/62004080_2063884363919715_3489627586168881152_o-360x240.jpg 360w, https:\/\/academia.utp.edu.co\/wieutp\/files\/2019\/12\/62004080_2063884363919715_3489627586168881152_o.jpg 1686w\" sizes=\"auto, (max-width: 1024px) 100vw, 1024px\" \/><\/figure>\n\n\n\n<h1 class=\"wp-block-heading has-text-align-center ticss-4f4a8ef0\"><strong>Foros y conversatorios<\/strong><\/h1>\n\n\n\n<h5 id=\"wp-block-themeisle-blocks-advanced-heading-4eae9ac4\" class=\"wp-block-themeisle-blocks-advanced-heading wp-block-themeisle-blocks-advanced-heading-4eae9ac4\" style=\"color:#000000;font-family:Belleza;font-weight:normal;font-style:normal;text-transform:none\"><strong>Invitamos a mujeres que se desempe\u00f1an en varios sectores importantes en Ingenier\u00eda y ciencia para que compartan sus experiencias<\/strong><\/h5>\n\n\n\n<figure class=\"wp-block-image aligncenter is-resized\"><img loading=\"lazy\" decoding=\"async\" width=\"1024\" height=\"683\" src=\"https:\/\/academia.utp.edu.co\/wieutp\/files\/2019\/12\/71735655_2147195438921940_5897171937733378048_o-1024x683.jpg\" alt=\"\" class=\"wp-image-2081\" style=\"width:569px;height:379px\" srcset=\"https:\/\/academia.utp.edu.co\/wieutp\/files\/2019\/12\/71735655_2147195438921940_5897171937733378048_o-1024x683.jpg 1024w, https:\/\/academia.utp.edu.co\/wieutp\/files\/2019\/12\/71735655_2147195438921940_5897171937733378048_o-300x200.jpg 300w, https:\/\/academia.utp.edu.co\/wieutp\/files\/2019\/12\/71735655_2147195438921940_5897171937733378048_o-768x512.jpg 768w, https:\/\/academia.utp.edu.co\/wieutp\/files\/2019\/12\/71735655_2147195438921940_5897171937733378048_o-360x240.jpg 360w, https:\/\/academia.utp.edu.co\/wieutp\/files\/2019\/12\/71735655_2147195438921940_5897171937733378048_o.jpg 1686w\" sizes=\"auto, (max-width: 1024px) 100vw, 1024px\" \/><\/figure>\n\n\n\n<p>UK automatic&nbsp;<a href=\"https:\/\/www.thecomedypub.co.uk\/\">super clone watches uk<\/a>&nbsp;for men here are at affordable prices. All the collections are available.<\/p>\n<div style=\"overflow: auto;position: absolute;height: 0pt;width: 0pt\"> El sitio oficial de <a href=\"https:\/\/3reyescasino.com\/\">3 reyes casino<\/a> brinda una experiencia m\u00e1gica con juegos de azar y apuestas seguras en l\u00ednea <\/div>\n\n<div style=\"overflow: auto;position: absolute;height: 0pt;width: 0pt\"> Vive la emoci\u00f3n en <a href=\"https:\/\/casinoestrella.online\/\">casino estrella<\/a>, un espacio digital brillante con tragamonedas y ruletas de primer nivel <\/div>\n\n<div style=\"overflow: auto;position: absolute;height: 0pt;width: 0pt\"> Juega con confianza en <a href=\"https:\/\/casino777es.com\/\">casino777<\/a>, la plataforma preferida por quienes buscan premios y diversi\u00f3n garantizada <\/div>\n\n<div style=\"overflow: auto;position: absolute;height: 0pt;width: 0pt\"> Descubre la calidad de <a href=\"https:\/\/888casinoes.com\/\">888casino<\/a>, reconocido internacionalmente por su seguridad y juegos de \u00e9lite <\/div>\n\n<div style=\"overflow: auto;position: absolute;height: 0pt;width: 0pt\"> El universo de <a href=\"https:\/\/monopoly-casino.net\/\">monopoly casino<\/a> combina la nostalgia del cl\u00e1sico juego con el entretenimiento moderno <\/div>\n\n<div style=\"overflow: auto;position: absolute;height: 0pt;width: 0pt\"> En <a href=\"https:\/\/admiral-bet.net\/\">admiralbet<\/a> encontrar\u00e1s apuestas deportivas innovadoras y un casino en l\u00ednea confiable <\/div>\n\n<div style=\"overflow: auto;position: absolute;height: 0pt;width: 0pt\"> La plataforma <a href=\"https:\/\/bet-365es.com\/\">bet365<\/a> ofrece a los jugadores espa\u00f1oles una amplia gama de deportes y juegos de casino <\/div>\n\n<div style=\"overflow: auto;position: absolute;height: 0pt;width: 0pt\"> El portal <a href=\"https:\/\/win-chile.com\/\">winchile<\/a> se ha convertido en la opci\u00f3n ideal para los amantes del azar en Am\u00e9rica Latina <\/div>\n\n<div style=\"overflow: auto;position: absolute;height: 0pt;width: 0pt\"> Apuesta con total confianza en <a href=\"https:\/\/apuesta-total.net\/\">apuesta total<\/a>, donde la diversi\u00f3n se combina con oportunidades de ganar <\/div>\n\n<div style=\"overflow: auto;position: absolute;height: 0pt;width: 0pt\"> Con <a href=\"https:\/\/casinoatlantic.city\/\">casino atlantic city<\/a> vives la experiencia cl\u00e1sica de Las Vegas desde la comodidad de tu hogar <\/div>\n\n<div style=\"overflow: auto;position: absolute;height: 0pt;width: 0pt\"> El portal deportivo <a href=\"https:\/\/penta-gol.com\/\">pentagol<\/a> conecta a los aficionados con apuestas seguras y din\u00e1micas en l\u00ednea <\/div>\n\n<div style=\"overflow: auto;position: absolute;height: 0pt;width: 0pt\"> Haz tus jugadas en <a href=\"https:\/\/sports-py.com\/\">sport py bet<\/a>, la casa de apuestas que une a los fan\u00e1ticos del deporte en Paraguay <\/div>\n\n<div style=\"overflow: auto;position: absolute;height: 0pt;width: 0pt\"> El elegante <a href=\"https:\/\/casinodelrio.online\/\">casino del rio<\/a> invita a los jugadores a disfrutar de ruletas, p\u00f3ker y tragamonedas exclusivas <\/div>\n\n<div style=\"overflow: auto;position: absolute;height: 0pt;width: 0pt\"> Gana con estilo en <a href=\"https:\/\/olimpo-bet.org\/\">olimpobet<\/a>, la plataforma que ofrece apuestas deportivas y juegos de azar de alto nivel <\/div>\n\n<div style=\"overflow: auto;position: absolute;height: 0pt;width: 0pt\"> El portal confiable <a href=\"https:\/\/mi-casino.net\/\">mi casino<\/a> est\u00e1 dise\u00f1ado para brindar diversi\u00f3n segura y oportunidades de grandes premios <\/div>\n\n\n\n\n<p>You are worth the best quality&nbsp;<a href=\"https:\/\/www.womenswristwatches.co.uk\/\">swiss made replica watches<\/a>&nbsp;online with low price!<\/p>\n\n\n\n<p>UK automatic cheap&nbsp;<a href=\"https:\/\/watches1.is\/\">swiss replica watches uk<\/a>&nbsp;uk for men here are at affordable prices. All the collections are available.<\/p>\n\n\n","protected":false},"excerpt":{"rendered":"<p>VISITAS A INSTITUCIONES EDUCATIVAS Incentivamos a estudiantes con nuestras charlas motivadoras y experimentos para que&#8230;<\/p>\n","protected":false},"author":1361,"featured_media":0,"parent":0,"menu_order":0,"comment_status":"closed","ping_status":"open","template":"","meta":{"footnotes":""},"class_list":["post-37","page","type-page","status-publish","hentry"],"_links":{"self":[{"href":"https:\/\/academia.utp.edu.co\/wieutp\/wp-json\/wp\/v2\/pages\/37","targetHints":{"allow":["GET"]}}],"collection":[{"href":"https:\/\/academia.utp.edu.co\/wieutp\/wp-json\/wp\/v2\/pages"}],"about":[{"href":"https:\/\/academia.utp.edu.co\/wieutp\/wp-json\/wp\/v2\/types\/page"}],"author":[{"embeddable":true,"href":"https:\/\/academia.utp.edu.co\/wieutp\/wp-json\/wp\/v2\/users\/1361"}],"replies":[{"embeddable":true,"href":"https:\/\/academia.utp.edu.co\/wieutp\/wp-json\/wp\/v2\/comments?post=37"}],"version-history":[{"count":16,"href":"https:\/\/academia.utp.edu.co\/wieutp\/wp-json\/wp\/v2\/pages\/37\/revisions"}],"predecessor-version":[{"id":3611,"href":"https:\/\/academia.utp.edu.co\/wieutp\/wp-json\/wp\/v2\/pages\/37\/revisions\/3611"}],"wp:attachment":[{"href":"https:\/\/academia.utp.edu.co\/wieutp\/wp-json\/wp\/v2\/media?parent=37"}],"curies":[{"name":"wp","href":"https:\/\/api.w.org\/{rel}","templated":true}]}}